{"id":1053,"date":"2026-03-11T21:31:08","date_gmt":"2026-03-11T20:31:08","guid":{"rendered":"https:\/\/ashiscom.org\/congreso-jovenes\/?page_id=1053"},"modified":"2026-03-11T21:31:08","modified_gmt":"2026-03-11T20:31:08","slug":"la-reconstruccion-de-la-derecha-desde-los-extremos-el-mundo-editorial-de-la-extrema-derecha-y-el-conservadurismo-radical-durante-la-guerra-fria","status":"publish","type":"page","link":"https:\/\/ashiscom.org\/congreso-jovenes\/mesas-del-congreso\/la-reconstruccion-de-la-derecha-desde-los-extremos-el-mundo-editorial-de-la-extrema-derecha-y-el-conservadurismo-radical-durante-la-guerra-fria\/","title":{"rendered":"\u00abLa reconstrucci\u00f3n de la Derecha desde los extremos\u00bb. El mundo editorial de la Extrema Derecha y el conservadurismo radical durante la Guerra Fr\u00eda"},"content":{"rendered":"\n<p><strong>Coordinaci\u00f3n<\/strong>: <strong>Pablo Garc\u00e9s Palacios<\/strong> (Universidad de Zaragoza) y <strong>Z\u00e9sar Arranz Conte<\/strong> (Universidad de Zaragoza)<\/p>\n\n\n\n<p><strong>Resumen:<\/strong><\/p>\n\n\n\n<p>Tras el colapso de 1945, el universo editorial se erigi\u00f3 en el refugio y laboratorio de los<br>creyentes del bando derrotado, o de quienes hab\u00edan flirteado sin llegar a sumergirse en \u00e9l. Los<br>herederos del fascismo y del conservadurismo reaccionario compart\u00edan la conciencia de haber<br>perdido una oportunidad, pero no la guerra. Ante esta vicisitud, se reorganizaron y replantearon<br>su proyecto pol\u00edtico desde un terreno cultural. Revistas como Human Events (fund. 1944), D\u00e9fense<br>de l\u2019Occident (1952-1982), Nation Europa (1951-2009) o Revista de Estudios Pol\u00edticos (fund. 1941) fueron<br>algunos de los foros indispensables en la rearticulaci\u00f3n transnacional de una alternativa a la<br>democracia liberal. Tanto el neofascismo como el conservadurismo radical compart\u00edan unas<br>coordenadas autoritarias, organicistas y anticomunistas, aunque difirieran en estrategias,<br>confesionalidad o acci\u00f3n.<br>Esta mesa tiene como objetivo dialogar sobre c\u00f3mo los medios de comunicaci\u00f3n fueron<br>vitales en la reconfiguraci\u00f3n de los proyectos reaccionarios durante la Guerra Fr\u00eda. La versatilidad<br>de las revistas, peri\u00f3dicos, encuentros, casas editoriales y circulaci\u00f3n de libros result\u00f3 esencial para<br>conferir a estas culturas sus rasgos de transnacionalidad y porosidad, verdaderos salvavidas de sus<br>ideas despu\u00e9s del \u201945. La Guerra Fr\u00eda recalibr\u00f3 los programas ideol\u00f3gicos en un nuevo eje<br>(comunismo-anticomunismo) y, con ello, abri\u00f3 una ventana para reinsertar en la opini\u00f3n p\u00fablica<br>las ideas de estos movimientos. En este contexto se ensayaron \u00abestrategias metapol\u00edticas\u00bb, es decir,<br>la concentraci\u00f3n en la batalla cultural. Aunque el caso paradigm\u00e1tico es la Nouvelle Droite y el think<br>tank de Alain de Benoist, GRECE y \u00c9l\u00e9ments (fund. 1973); la idea de construir un nuevo sentido<br>com\u00fan se encuentra en la carta fundacional de medios como Triumph (1966-76), Cuadernos<br>Hispanoamericanos (fund. 1948), Valeurs Actuelles (fund. 1966), Fuerza Nueva (1966-2017) o Encounter<br>(fund. 1953, de corte liberal-conservador).<\/p>\n\n\n\n<p><strong>L\u00edneas de aceptaci\u00f3n de comunicaciones:<\/strong><\/p>\n\n\n\n<ul class=\"wp-block-list\">\n<li>Estudios de caso. Los medios alternativos de la ultraderecha como objeto de investigaci\u00f3n<\/li>\n\n\n\n<li>Vidas cruzadas. Migraci\u00f3n de ideas e intelectuales entre la extrema derecha y el<br>conservadurismo radical.<\/li>\n\n\n\n<li>M\u00e1s all\u00e1 del Atl\u00e1ntico. Conexiones, influencias y transmisi\u00f3n comunicativa entre el<br>conservadurismo radical y el neofascismo.<\/li>\n\n\n\n<li>Teorizar el pasado. Historiograf\u00eda, metodolog\u00eda y Social Network Analysis de la extrema<br>derecha y el conservadurismo radical durante la Guerra Fr\u00eda.<\/li>\n\n\n\n<li>El ayer como semilla del hoy. Rupturas y continuidades entre la extrema derecha y el<br>conservadurismo radical con las Derechas Radicales actuales<\/li>\n<\/ul>\n\n\n\n<p><\/p>\n","protected":false},"excerpt":{"rendered":"<p>Coordinaci\u00f3n: Pablo Garc\u00e9s Palacios (Universidad de Zaragoza) y Z\u00e9sar Arranz Conte (Universidad de Zaragoza) Resumen: Tras el colapso de 1945, el universo&hellip; <\/p>\n","protected":false},"author":1,"featured_media":1054,"parent":828,"menu_order":0,"comment_status":"open","ping_status":"closed","template":"","meta":{"footnotes":""},"class_list":["post-1053","page","type-page","status-publish","has-post-thumbnail","hentry"],"_links":{"self":[{"href":"https:\/\/ashiscom.org\/congreso-jovenes\/wp-json\/wp\/v2\/pages\/1053","targetHints":{"allow":["GET"]}}],"collection":[{"href":"https:\/\/ashiscom.org\/congreso-jovenes\/wp-json\/wp\/v2\/pages"}],"about":[{"href":"https:\/\/ashiscom.org\/congreso-jovenes\/wp-json\/wp\/v2\/types\/page"}],"author":[{"embeddable":true,"href":"https:\/\/ashiscom.org\/congreso-jovenes\/wp-json\/wp\/v2\/users\/1"}],"replies":[{"embeddable":true,"href":"https:\/\/ashiscom.org\/congreso-jovenes\/wp-json\/wp\/v2\/comments?post=1053"}],"version-history":[{"count":1,"href":"https:\/\/ashiscom.org\/congreso-jovenes\/wp-json\/wp\/v2\/pages\/1053\/revisions"}],"predecessor-version":[{"id":1055,"href":"https:\/\/ashiscom.org\/congreso-jovenes\/wp-json\/wp\/v2\/pages\/1053\/revisions\/1055"}],"up":[{"embeddable":true,"href":"https:\/\/ashiscom.org\/congreso-jovenes\/wp-json\/wp\/v2\/pages\/828"}],"wp:featuredmedia":[{"embeddable":true,"href":"https:\/\/ashiscom.org\/congreso-jovenes\/wp-json\/wp\/v2\/media\/1054"}],"wp:attachment":[{"href":"https:\/\/ashiscom.org\/congreso-jovenes\/wp-json\/wp\/v2\/media?parent=1053"}],"curies":[{"name":"wp","href":"https:\/\/api.w.org\/{rel}","templated":true}]}}