{"id":1067,"date":"2026-03-27T09:40:55","date_gmt":"2026-03-27T08:40:55","guid":{"rendered":"https:\/\/ashiscom.org\/congreso-jovenes\/?page_id=1067"},"modified":"2026-03-27T09:40:56","modified_gmt":"2026-03-27T08:40:56","slug":"fotografia-documental-archivo-silencios-y-memoria-critica","status":"publish","type":"page","link":"https:\/\/ashiscom.org\/congreso-jovenes\/mesas-del-congreso\/fotografia-documental-archivo-silencios-y-memoria-critica\/","title":{"rendered":"Fotograf\u00eda documental: archivo, silencios y memoria cr\u00edtica"},"content":{"rendered":"\n<p><strong>Coordinaci\u00f3n: Elisa Lozano Trivi\u00f1o<\/strong> (Universidad Complutense de Madrid)<\/p>\n\n\n\n<p><strong>Resumen:<\/strong><\/p>\n\n\n\n<p>Esta mesa propone reflexionar en torno a la Fotograf\u00eda documental, err\u00f3neamente vinculada a una tipolog\u00eda fotogr\u00e1fica que responde a \u201cespejo de la verdad\u201d, pues orbita en torno a una pr\u00e1ctica discursiva que no refleja la realidad, sino que la produce simb\u00f3licamente. El objetivo de esta conversaci\u00f3n va m\u00e1s all\u00e1 de la taxonom\u00eda de la fotograf\u00eda documental, apelando a una relectura de la misma: desde el archivo.<\/p>\n\n\n\n<p>La pr\u00e1ctica archiv\u00edstica versa el acto punitivo de los silencios. La construcci\u00f3n de la memoria desde las fuerzas hegem\u00f3nicas determina c\u00f3mo los sujetos disidentes ser\u00e1n catalogados y recordados. Los vac\u00edos y la construcci\u00f3n deliberada en la fotograf\u00eda documental obligan a activar una lectura cr\u00edtica de las im\u00e1genes, donde lo punitivo se reformule desde la fabulaci\u00f3n cr\u00edtica como m\u00e9todo para narrar los silencios (Hartman, 2008). Esta idea nos lleva a pensar en epistemolog\u00edas reparativas y de uso de la fotograf\u00eda documental:<\/p>\n\n\n\n<p>Si \u201cleer el archivo es entrar a una funeraria, \u00bfpor qu\u00e9 someter a los muertos a nuevos peligros y a un segundo orden de violencia? Muchas de las fotograf\u00edas que quedan archivadas y al servicio de la investigaci\u00f3n fueron tomadas en contra de la voluntad de los retratados y las retratadas\u2014pongamos como ejemplo las im\u00e1genes de las mujeres rapadas durante la Guerra Civil\u2014. Resulta imprescindible abordar la fotograf\u00eda documental desde la premisa de la duda, interrogando los intereses hegem\u00f3nicos que la atraviesan, para as\u00ed intentar completar \u2014o, al menos, se\u00f1alar cr\u00edticamente\u2014 los vac\u00edos, silencios y ausencias que el propio archivo produce y perpetua.<\/p>\n\n\n\n<p><strong>L\u00edneas de aceptaci\u00f3n de comunicaciones:<\/strong><\/p>\n\n\n\n<ul class=\"wp-block-list\">\n<li>La fotograf\u00eda documental: entre silencios, ausencias y la dimensi\u00f3n punitiva del archivo.<\/li>\n\n\n\n<li>La fotograf\u00eda documental como m\u00e9todo para repensar el concepto de <em>resistencia<\/em>: m\u00e1s all\u00e1 de grupos armados y organizaciones pol\u00edticas.<\/li>\n\n\n\n<li>La mujer desde la fotograf\u00eda documental<\/li>\n\n\n\n<li>La narraci\u00f3n de lo cotidiano desde la fotograf\u00eda documental<\/li>\n<\/ul>\n\n\n\n<p><\/p>\n","protected":false},"excerpt":{"rendered":"<p>Coordinaci\u00f3n: Elisa Lozano Trivi\u00f1o (Universidad Complutense de Madrid) Resumen: Esta mesa propone reflexionar en torno a la Fotograf\u00eda documental, err\u00f3neamente vinculada a&hellip; <\/p>\n","protected":false},"author":1,"featured_media":1068,"parent":828,"menu_order":0,"comment_status":"open","ping_status":"closed","template":"","meta":{"footnotes":""},"class_list":["post-1067","page","type-page","status-publish","has-post-thumbnail","hentry"],"_links":{"self":[{"href":"https:\/\/ashiscom.org\/congreso-jovenes\/wp-json\/wp\/v2\/pages\/1067","targetHints":{"allow":["GET"]}}],"collection":[{"href":"https:\/\/ashiscom.org\/congreso-jovenes\/wp-json\/wp\/v2\/pages"}],"about":[{"href":"https:\/\/ashiscom.org\/congreso-jovenes\/wp-json\/wp\/v2\/types\/page"}],"author":[{"embeddable":true,"href":"https:\/\/ashiscom.org\/congreso-jovenes\/wp-json\/wp\/v2\/users\/1"}],"replies":[{"embeddable":true,"href":"https:\/\/ashiscom.org\/congreso-jovenes\/wp-json\/wp\/v2\/comments?post=1067"}],"version-history":[{"count":1,"href":"https:\/\/ashiscom.org\/congreso-jovenes\/wp-json\/wp\/v2\/pages\/1067\/revisions"}],"predecessor-version":[{"id":1069,"href":"https:\/\/ashiscom.org\/congreso-jovenes\/wp-json\/wp\/v2\/pages\/1067\/revisions\/1069"}],"up":[{"embeddable":true,"href":"https:\/\/ashiscom.org\/congreso-jovenes\/wp-json\/wp\/v2\/pages\/828"}],"wp:featuredmedia":[{"embeddable":true,"href":"https:\/\/ashiscom.org\/congreso-jovenes\/wp-json\/wp\/v2\/media\/1068"}],"wp:attachment":[{"href":"https:\/\/ashiscom.org\/congreso-jovenes\/wp-json\/wp\/v2\/media?parent=1067"}],"curies":[{"name":"wp","href":"https:\/\/api.w.org\/{rel}","templated":true}]}}