{"id":776,"date":"2026-02-26T22:57:48","date_gmt":"2026-02-26T21:57:48","guid":{"rendered":"https:\/\/ashiscom.org\/congreso-jovenes\/?page_id=776"},"modified":"2026-02-27T04:59:41","modified_gmt":"2026-02-27T03:59:41","slug":"almudena-munoz-gallego","status":"publish","type":"page","link":"https:\/\/ashiscom.org\/congreso-jovenes\/comite-direccion\/almudena-munoz-gallego\/","title":{"rendered":"Almudena Mu\u00f1oz Gallego"},"content":{"rendered":"\n<div class=\"wp-block-media-text is-stacked-on-mobile is-vertically-aligned-top\"><figure class=\"wp-block-media-text__media\"><img loading=\"lazy\" decoding=\"async\" width=\"304\" height=\"304\" src=\"https:\/\/ashiscom.org\/congreso-jovenes\/wp-content\/uploads\/2026\/02\/Almudena.jpg\" alt=\"\" class=\"wp-image-777 size-full\" srcset=\"https:\/\/ashiscom.org\/congreso-jovenes\/wp-content\/uploads\/2026\/02\/Almudena.jpg 304w, https:\/\/ashiscom.org\/congreso-jovenes\/wp-content\/uploads\/2026\/02\/Almudena-300x300.jpg 300w, https:\/\/ashiscom.org\/congreso-jovenes\/wp-content\/uploads\/2026\/02\/Almudena-150x150.jpg 150w\" sizes=\"auto, (max-width: 304px) 100vw, 304px\" \/><\/figure><div class=\"wp-block-media-text__content\">\n<p>Almudena Mu\u00f1oz Gallego es personal docente e investigador en la Universidad Complutense de Madrid (UCM). Doctora en Comunicaci\u00f3n Audiovisual, Publicidad y Relaciones P\u00fablicas galardonada con el Premio Extraordinario de Doctorado y mejor expediente acad\u00e9mico en 2022.<\/p>\n\n\n\n<p>Miembro del grupo internacional de an\u00e1lisis de relatos de ficci\u00f3n y creaci\u00f3n de formatos documentales de la Universidad Complutense de Madrid. Miembro fundador de la Asociaci\u00f3n de Cient\u00edficos Espa\u00f1oles en Brasil y miembro de la junta directiva de la Asociaci\u00f3n Internacional de Cine e Imagen Cient\u00edfica. <\/p>\n\n\n\n<p>En el a\u00f1o 2020 recibi\u00f3 el premio de la Bienal Internacional de Cine Cient\u00edfico al mejor documental realizado por una universidad por su trabajo de divulgaci\u00f3n cient\u00edfica en el continente ant\u00e1rtico \u201cAnt\u00e1rtida: la vida entre el hielo y la roca\u00bb<\/p>\n<\/div><\/div>\n","protected":false},"excerpt":{"rendered":"<p>Almudena Mu\u00f1oz Gallego es personal docente e investigador en la Universidad Complutense de Madrid (UCM). Doctora en Comunicaci\u00f3n Audiovisual, Publicidad y Relaciones&hellip; <\/p>\n","protected":false},"author":1,"featured_media":777,"parent":91,"menu_order":0,"comment_status":"closed","ping_status":"closed","template":"","meta":{"footnotes":""},"class_list":["post-776","page","type-page","status-publish","has-post-thumbnail","hentry"],"_links":{"self":[{"href":"https:\/\/ashiscom.org\/congreso-jovenes\/wp-json\/wp\/v2\/pages\/776","targetHints":{"allow":["GET"]}}],"collection":[{"href":"https:\/\/ashiscom.org\/congreso-jovenes\/wp-json\/wp\/v2\/pages"}],"about":[{"href":"https:\/\/ashiscom.org\/congreso-jovenes\/wp-json\/wp\/v2\/types\/page"}],"author":[{"embeddable":true,"href":"https:\/\/ashiscom.org\/congreso-jovenes\/wp-json\/wp\/v2\/users\/1"}],"replies":[{"embeddable":true,"href":"https:\/\/ashiscom.org\/congreso-jovenes\/wp-json\/wp\/v2\/comments?post=776"}],"version-history":[{"count":4,"href":"https:\/\/ashiscom.org\/congreso-jovenes\/wp-json\/wp\/v2\/pages\/776\/revisions"}],"predecessor-version":[{"id":814,"href":"https:\/\/ashiscom.org\/congreso-jovenes\/wp-json\/wp\/v2\/pages\/776\/revisions\/814"}],"up":[{"embeddable":true,"href":"https:\/\/ashiscom.org\/congreso-jovenes\/wp-json\/wp\/v2\/pages\/91"}],"wp:featuredmedia":[{"embeddable":true,"href":"https:\/\/ashiscom.org\/congreso-jovenes\/wp-json\/wp\/v2\/media\/777"}],"wp:attachment":[{"href":"https:\/\/ashiscom.org\/congreso-jovenes\/wp-json\/wp\/v2\/media?parent=776"}],"curies":[{"name":"wp","href":"https:\/\/api.w.org\/{rel}","templated":true}]}}