{"id":828,"date":"2026-02-27T05:19:58","date_gmt":"2026-02-27T04:19:58","guid":{"rendered":"https:\/\/ashiscom.org\/congreso-jovenes\/?page_id=828"},"modified":"2026-03-27T09:49:33","modified_gmt":"2026-03-27T08:49:33","slug":"mesas-del-congreso","status":"publish","type":"page","link":"https:\/\/ashiscom.org\/congreso-jovenes\/mesas-del-congreso\/","title":{"rendered":"Mesas del Congreso"},"content":{"rendered":"\n<p class=\"has-white-color has-vivid-red-background-color has-text-color has-background has-link-color has-small-font-size wp-elements-7c946bb9508497c4151d02bca1b3a0b6\"><strong>Aviso<\/strong>: El Comit\u00e9 Organizador se reserva la posibilidad de reorganizar las mesas propuestas, incluyendo la eventual fusi\u00f3n de algunas de ellas o la reasignaci\u00f3n de comunicaciones entre mesas, especialmente en aquellos casos en los que el n\u00famero de propuestas recibidas sea reducido, con el fin de garantizar la coherencia tem\u00e1tica y el adecuado desarrollo del programa.<\/p>\n\n\n\n<p>Una vez cerrado el plazo de recepci\u00f3n de propuestas de mesa, est\u00e1s son las aprobadas por el Comit\u00e9 Organizador del Congreso<\/p>\n\n\n\n<div class=\"wp-block-group has-small-font-size is-nowrap is-layout-flex wp-container-core-group-is-layout-64989fb1 wp-block-group-is-layout-flex\">\n<figure class=\"wp-block-embed is-type-wp-embed is-provider-ii-congreso-internacional-de-j-venes-investigadores-ashiscom wp-block-embed-ii-congreso-internacional-de-j-venes-investigadores-ashiscom wp-container-content-0733e5d0\"><div class=\"wp-block-embed__wrapper\">\n<blockquote class=\"wp-embedded-content\" data-secret=\"gFoZD7mrFb\"><a href=\"https:\/\/ashiscom.org\/congreso-jovenes\/mesas-del-congreso\/historias-conectadas-la-voz-de-las-mujeres-en-la-profesion-periodistica\/\">Historias conectadas: la voz de las mujeres en la profesi\u00f3n period\u00edstica<\/a><\/blockquote><iframe loading=\"lazy\" class=\"wp-embedded-content\" sandbox=\"allow-scripts\" security=\"restricted\" style=\"position: absolute; visibility: hidden;\" title=\"\u00abHistorias conectadas: la voz de las mujeres en la profesi\u00f3n period\u00edstica\u00bb \u2014 II Congreso Internacional de J\u00f3venes Investigadores AsHisCom\" src=\"https:\/\/ashiscom.org\/congreso-jovenes\/mesas-del-congreso\/historias-conectadas-la-voz-de-las-mujeres-en-la-profesion-periodistica\/embed\/#?secret=8xPleXc8Kc#?secret=gFoZD7mrFb\" data-secret=\"gFoZD7mrFb\" width=\"600\" height=\"338\" frameborder=\"0\" marginwidth=\"0\" marginheight=\"0\" scrolling=\"no\"><\/iframe>\n<\/div><\/figure>\n\n\n\n<figure class=\"wp-block-embed is-type-wp-embed is-provider-ii-congreso-internacional-de-j-venes-investigadores-ashiscom wp-block-embed-ii-congreso-internacional-de-j-venes-investigadores-ashiscom wp-container-content-0733e5d0\"><div class=\"wp-block-embed__wrapper\">\n<blockquote class=\"wp-embedded-content\" data-secret=\"KoDgmkdJJL\"><a href=\"https:\/\/ashiscom.org\/congreso-jovenes\/mesas-del-congreso\/espejos-curvos-de-la-realidad-tres-siglos-de-periodismo-satirico-humorismo-grafico-y-propaganda-visual-s-xix-xxi\/\">Espejos curvos de la realidad. Tres siglos de periodismo sat\u00edrico, humorismo gr\u00e1fico y propaganda visual (s. XIX-XXI)<\/a><\/blockquote><iframe loading=\"lazy\" class=\"wp-embedded-content\" sandbox=\"allow-scripts\" security=\"restricted\" style=\"position: absolute; visibility: hidden;\" title=\"\u00abEspejos curvos de la realidad. Tres siglos de periodismo sat\u00edrico, humorismo gr\u00e1fico y propaganda visual (s. XIX-XXI)\u00bb \u2014 II Congreso Internacional de J\u00f3venes Investigadores AsHisCom\" src=\"https:\/\/ashiscom.org\/congreso-jovenes\/mesas-del-congreso\/espejos-curvos-de-la-realidad-tres-siglos-de-periodismo-satirico-humorismo-grafico-y-propaganda-visual-s-xix-xxi\/embed\/#?secret=b8FWfw5w3U#?secret=KoDgmkdJJL\" data-secret=\"KoDgmkdJJL\" width=\"600\" height=\"338\" frameborder=\"0\" marginwidth=\"0\" marginheight=\"0\" scrolling=\"no\"><\/iframe>\n<\/div><\/figure>\n<\/div>\n\n\n\n<div class=\"wp-block-group has-small-font-size is-nowrap is-layout-flex wp-container-core-group-is-layout-64989fb1 wp-block-group-is-layout-flex\">\n<figure class=\"wp-block-embed is-type-wp-embed is-provider-ii-congreso-internacional-de-j-venes-investigadores-ashiscom wp-block-embed-ii-congreso-internacional-de-j-venes-investigadores-ashiscom wp-container-content-0733e5d0\"><div class=\"wp-block-embed__wrapper\">\n<blockquote class=\"wp-embedded-content\" data-secret=\"mhbvoCZ427\"><a href=\"https:\/\/ashiscom.org\/congreso-jovenes\/mesas-del-congreso\/de-la-retaguardia-al-frente-usos-politicos-y-mediaticos-de-la-participacion-de-las-mujeres-en-contextos-belicos\/\">De la retaguardia al frente: usos pol\u00edticos y medi\u00e1ticos de la participaci\u00f3n de las mujeres en contextos b\u00e9licos<\/a><\/blockquote><iframe loading=\"lazy\" class=\"wp-embedded-content\" sandbox=\"allow-scripts\" security=\"restricted\" style=\"position: absolute; visibility: hidden;\" title=\"\u00abDe la retaguardia al frente: usos pol\u00edticos y medi\u00e1ticos de la participaci\u00f3n de las mujeres en contextos b\u00e9licos\u00bb \u2014 II Congreso Internacional de J\u00f3venes Investigadores AsHisCom\" src=\"https:\/\/ashiscom.org\/congreso-jovenes\/mesas-del-congreso\/de-la-retaguardia-al-frente-usos-politicos-y-mediaticos-de-la-participacion-de-las-mujeres-en-contextos-belicos\/embed\/#?secret=v8Jqd8KMDA#?secret=mhbvoCZ427\" data-secret=\"mhbvoCZ427\" width=\"600\" height=\"338\" frameborder=\"0\" marginwidth=\"0\" marginheight=\"0\" scrolling=\"no\"><\/iframe>\n<\/div><\/figure>\n\n\n\n<figure class=\"wp-block-embed is-type-wp-embed is-provider-ii-congreso-internacional-de-j-venes-investigadores-ashiscom wp-block-embed-ii-congreso-internacional-de-j-venes-investigadores-ashiscom wp-container-content-0733e5d0\"><div class=\"wp-block-embed__wrapper\">\n<blockquote class=\"wp-embedded-content\" data-secret=\"vFUV8IoMqM\"><a href=\"https:\/\/ashiscom.org\/congreso-jovenes\/mesas-del-congreso\/bulos-y-censura-rumores-silencios-y-estrategias-de-control-en-la-historia-de-la-comunicacion\/\">Bulos y censura: rumores, silencios y estrategias de control en la Historia de la Comunicaci\u00f3n<\/a><\/blockquote><iframe loading=\"lazy\" class=\"wp-embedded-content\" sandbox=\"allow-scripts\" security=\"restricted\" style=\"position: absolute; visibility: hidden;\" title=\"\u00abBulos y censura: rumores, silencios y estrategias de control en la Historia de la Comunicaci\u00f3n\u00bb \u2014 II Congreso Internacional de J\u00f3venes Investigadores AsHisCom\" src=\"https:\/\/ashiscom.org\/congreso-jovenes\/mesas-del-congreso\/bulos-y-censura-rumores-silencios-y-estrategias-de-control-en-la-historia-de-la-comunicacion\/embed\/#?secret=1deC2wjgzC#?secret=vFUV8IoMqM\" data-secret=\"vFUV8IoMqM\" width=\"600\" height=\"338\" frameborder=\"0\" marginwidth=\"0\" marginheight=\"0\" scrolling=\"no\"><\/iframe>\n<\/div><\/figure>\n<\/div>\n\n\n\n<div class=\"wp-block-group has-small-font-size is-horizontal is-nowrap is-layout-flex wp-container-core-group-is-layout-a55e891b wp-block-group-is-layout-flex\">\n<figure class=\"wp-block-embed is-type-wp-embed is-provider-ii-congreso-internacional-de-j-venes-investigadores-ashiscom wp-block-embed-ii-congreso-internacional-de-j-venes-investigadores-ashiscom wp-container-content-0733e5d0\"><div class=\"wp-block-embed__wrapper\">\n<blockquote class=\"wp-embedded-content\" data-secret=\"nhxS8aCj3x\"><a href=\"https:\/\/ashiscom.org\/congreso-jovenes\/mesas-del-congreso\/la-construccion-mediatica-de-la-masculinidad-y-feminidad-nacional-modelos-contramodelos-y-disputas-ss-xix-xxi\/\">La construcci\u00f3n medi\u00e1tica de la masculinidad y feminidad nacional: modelos, contramodelos y disputas (ss. XIX-XXI)<\/a><\/blockquote><iframe loading=\"lazy\" class=\"wp-embedded-content\" sandbox=\"allow-scripts\" security=\"restricted\" style=\"position: absolute; visibility: hidden;\" title=\"\u00abLa construcci\u00f3n medi\u00e1tica de la masculinidad y feminidad nacional: modelos, contramodelos y disputas (ss. XIX-XXI)\u00bb \u2014 II Congreso Internacional de J\u00f3venes Investigadores AsHisCom\" src=\"https:\/\/ashiscom.org\/congreso-jovenes\/mesas-del-congreso\/la-construccion-mediatica-de-la-masculinidad-y-feminidad-nacional-modelos-contramodelos-y-disputas-ss-xix-xxi\/embed\/#?secret=1flafwzzY6#?secret=nhxS8aCj3x\" data-secret=\"nhxS8aCj3x\" width=\"600\" height=\"338\" frameborder=\"0\" marginwidth=\"0\" marginheight=\"0\" scrolling=\"no\"><\/iframe>\n<\/div><\/figure>\n\n\n\n<figure class=\"wp-block-embed is-type-wp-embed is-provider-ii-congreso-internacional-de-j-venes-investigadores-ashiscom wp-block-embed-ii-congreso-internacional-de-j-venes-investigadores-ashiscom wp-container-content-0733e5d0\"><div class=\"wp-block-embed__wrapper\">\n<blockquote class=\"wp-embedded-content\" data-secret=\"3dEDrZFhfg\"><a href=\"https:\/\/ashiscom.org\/congreso-jovenes\/mesas-del-congreso\/arqueologia-del-periodismo-digital-en-espana-1995-2025-tecnologias-audiencias-y-desinformacion\/\">Arqueolog\u00eda del periodismo digital en Espa\u00f1a (1995\u20132025): tecnolog\u00edas, audiencias y desinformaci\u00f3n<\/a><\/blockquote><iframe loading=\"lazy\" class=\"wp-embedded-content\" sandbox=\"allow-scripts\" security=\"restricted\" style=\"position: absolute; visibility: hidden;\" title=\"\u00abArqueolog\u00eda del periodismo digital en Espa\u00f1a (1995\u20132025): tecnolog\u00edas, audiencias y desinformaci\u00f3n\u00bb \u2014 II Congreso Internacional de J\u00f3venes Investigadores AsHisCom\" src=\"https:\/\/ashiscom.org\/congreso-jovenes\/mesas-del-congreso\/arqueologia-del-periodismo-digital-en-espana-1995-2025-tecnologias-audiencias-y-desinformacion\/embed\/#?secret=Phc6EZFReN#?secret=3dEDrZFhfg\" data-secret=\"3dEDrZFhfg\" width=\"600\" height=\"338\" frameborder=\"0\" marginwidth=\"0\" marginheight=\"0\" scrolling=\"no\"><\/iframe>\n<\/div><\/figure>\n<\/div>\n\n\n\n<div class=\"wp-block-group has-small-font-size is-horizontal is-nowrap is-layout-flex wp-container-core-group-is-layout-a55e891b wp-block-group-is-layout-flex\">\n<figure class=\"wp-block-embed is-type-wp-embed is-provider-ii-congreso-internacional-de-j-venes-investigadores-ashiscom wp-block-embed-ii-congreso-internacional-de-j-venes-investigadores-ashiscom wp-container-content-0733e5d0\"><div class=\"wp-block-embed__wrapper\">\n<blockquote class=\"wp-embedded-content\" data-secret=\"rMvlm2iZQG\"><a href=\"https:\/\/ashiscom.org\/congreso-jovenes\/mesas-del-congreso\/el-periodismo-de-sucesos-como-cronica-social-de-su-epoca-nuevas-perspectivas-personajes-y-relatos\/\">El periodismo de sucesos como cr\u00f3nica social de su \u00e9poca: nuevas perspectivas, personajes y relatos<\/a><\/blockquote><iframe loading=\"lazy\" class=\"wp-embedded-content\" sandbox=\"allow-scripts\" security=\"restricted\" style=\"position: absolute; visibility: hidden;\" title=\"\u00abEl periodismo de sucesos como cr\u00f3nica social de su \u00e9poca: nuevas perspectivas, personajes y relatos\u00bb \u2014 II Congreso Internacional de J\u00f3venes Investigadores AsHisCom\" src=\"https:\/\/ashiscom.org\/congreso-jovenes\/mesas-del-congreso\/el-periodismo-de-sucesos-como-cronica-social-de-su-epoca-nuevas-perspectivas-personajes-y-relatos\/embed\/#?secret=q4orcLPlB3#?secret=rMvlm2iZQG\" data-secret=\"rMvlm2iZQG\" width=\"600\" height=\"338\" frameborder=\"0\" marginwidth=\"0\" marginheight=\"0\" scrolling=\"no\"><\/iframe>\n<\/div><\/figure>\n\n\n\n<figure class=\"wp-block-embed is-type-wp-embed is-provider-ii-congreso-internacional-de-j-venes-investigadores-ashiscom wp-block-embed-ii-congreso-internacional-de-j-venes-investigadores-ashiscom wp-container-content-0733e5d0\"><div class=\"wp-block-embed__wrapper\">\n<blockquote class=\"wp-embedded-content\" data-secret=\"sQtKx7hnEf\"><a href=\"https:\/\/ashiscom.org\/congreso-jovenes\/mesas-del-congreso\/mirar-al-pasado-historia-y-audiovisual-en-la-era-de-la-revision-cultural\/\">Mirar al pasado: Historia y audiovisual en la era de la revisi\u00f3n cultural<\/a><\/blockquote><iframe loading=\"lazy\" class=\"wp-embedded-content\" sandbox=\"allow-scripts\" security=\"restricted\" style=\"position: absolute; visibility: hidden;\" title=\"\u00abMirar al pasado: Historia y audiovisual en la era de la revisi\u00f3n cultural\u00bb \u2014 II Congreso Internacional de J\u00f3venes Investigadores AsHisCom\" src=\"https:\/\/ashiscom.org\/congreso-jovenes\/mesas-del-congreso\/mirar-al-pasado-historia-y-audiovisual-en-la-era-de-la-revision-cultural\/embed\/#?secret=NJ1hblAdfw#?secret=sQtKx7hnEf\" data-secret=\"sQtKx7hnEf\" width=\"600\" height=\"338\" frameborder=\"0\" marginwidth=\"0\" marginheight=\"0\" scrolling=\"no\"><\/iframe>\n<\/div><\/figure>\n<\/div>\n\n\n\n<div class=\"wp-block-group has-small-font-size is-horizontal is-nowrap is-layout-flex wp-container-core-group-is-layout-a55e891b wp-block-group-is-layout-flex\">\n<figure class=\"wp-block-embed is-type-wp-embed is-provider-ii-congreso-internacional-de-j-venes-investigadores-ashiscom wp-block-embed-ii-congreso-internacional-de-j-venes-investigadores-ashiscom wp-container-content-0733e5d0\"><div class=\"wp-block-embed__wrapper\">\n<blockquote class=\"wp-embedded-content\" data-secret=\"4W0AexAOrR\"><a href=\"https:\/\/ashiscom.org\/congreso-jovenes\/mesas-del-congreso\/nadie-tenia-que-hacerles-pensar-la-clase-trabajadora-popular-y-la-prensa-del-movimiento-obrero\/\">Nadie ten\u00eda que \u201chacerles pensar\u201d: la clase trabajadora popular y la prensa del movimiento obrero<\/a><\/blockquote><iframe loading=\"lazy\" class=\"wp-embedded-content\" sandbox=\"allow-scripts\" security=\"restricted\" style=\"position: absolute; visibility: hidden;\" title=\"\u00abNadie ten\u00eda que \u201chacerles pensar\u201d: la clase trabajadora popular y la prensa del movimiento obrero\u00bb \u2014 II Congreso Internacional de J\u00f3venes Investigadores AsHisCom\" src=\"https:\/\/ashiscom.org\/congreso-jovenes\/mesas-del-congreso\/nadie-tenia-que-hacerles-pensar-la-clase-trabajadora-popular-y-la-prensa-del-movimiento-obrero\/embed\/#?secret=hpNVwrULb3#?secret=4W0AexAOrR\" data-secret=\"4W0AexAOrR\" width=\"600\" height=\"338\" frameborder=\"0\" marginwidth=\"0\" marginheight=\"0\" scrolling=\"no\"><\/iframe>\n<\/div><\/figure>\n\n\n\n<figure class=\"wp-block-embed is-type-wp-embed is-provider-ii-congreso-internacional-de-j-venes-investigadores-ashiscom wp-block-embed-ii-congreso-internacional-de-j-venes-investigadores-ashiscom wp-container-content-0733e5d0\"><div class=\"wp-block-embed__wrapper\">\n<blockquote class=\"wp-embedded-content\" data-secret=\"FJUukhGaNo\"><a href=\"https:\/\/ashiscom.org\/congreso-jovenes\/mesas-del-congreso\/en-el-principio-ya-existia-la-palabra-la-historia-de-la-adaptacion-comunicativa-de-la-iglesia-catolica\/\">En el principio ya exist\u00eda la Palabra: La historia de la adaptaci\u00f3n comunicativa de la Iglesia Cat\u00f3lica<\/a><\/blockquote><iframe loading=\"lazy\" class=\"wp-embedded-content\" sandbox=\"allow-scripts\" security=\"restricted\" style=\"position: absolute; visibility: hidden;\" title=\"\u00abEn el principio ya exist\u00eda la Palabra: La historia de la adaptaci\u00f3n comunicativa de la Iglesia Cat\u00f3lica\u00bb \u2014 II Congreso Internacional de J\u00f3venes Investigadores AsHisCom\" src=\"https:\/\/ashiscom.org\/congreso-jovenes\/mesas-del-congreso\/en-el-principio-ya-existia-la-palabra-la-historia-de-la-adaptacion-comunicativa-de-la-iglesia-catolica\/embed\/#?secret=TBRPoCeaso#?secret=FJUukhGaNo\" data-secret=\"FJUukhGaNo\" width=\"600\" height=\"338\" frameborder=\"0\" marginwidth=\"0\" marginheight=\"0\" scrolling=\"no\"><\/iframe>\n<\/div><\/figure>\n<\/div>\n\n\n\n<div class=\"wp-block-group has-small-font-size is-horizontal is-nowrap is-layout-flex wp-container-core-group-is-layout-a55e891b wp-block-group-is-layout-flex\">\n<figure class=\"wp-block-embed is-type-wp-embed is-provider-ii-congreso-internacional-de-j-venes-investigadores-ashiscom wp-block-embed-ii-congreso-internacional-de-j-venes-investigadores-ashiscom wp-container-content-0733e5d0\"><div class=\"wp-block-embed__wrapper\">\n<blockquote class=\"wp-embedded-content\" data-secret=\"pDfAOg4ZkO\"><a href=\"https:\/\/ashiscom.org\/congreso-jovenes\/mesas-del-congreso\/la-reconstruccion-de-la-derecha-desde-los-extremos-el-mundo-editorial-de-la-extrema-derecha-y-el-conservadurismo-radical-durante-la-guerra-fria\/\">\u00abLa reconstrucci\u00f3n de la Derecha desde los extremos\u00bb. El mundo editorial de la Extrema Derecha y el conservadurismo radical durante la Guerra Fr\u00eda<\/a><\/blockquote><iframe loading=\"lazy\" class=\"wp-embedded-content\" sandbox=\"allow-scripts\" security=\"restricted\" style=\"position: absolute; visibility: hidden;\" title=\"\u00ab\u00abLa reconstrucci\u00f3n de la Derecha desde los extremos\u00bb. El mundo editorial de la Extrema Derecha y el conservadurismo radical durante la Guerra Fr\u00eda\u00bb \u2014 II Congreso Internacional de J\u00f3venes Investigadores AsHisCom\" src=\"https:\/\/ashiscom.org\/congreso-jovenes\/mesas-del-congreso\/la-reconstruccion-de-la-derecha-desde-los-extremos-el-mundo-editorial-de-la-extrema-derecha-y-el-conservadurismo-radical-durante-la-guerra-fria\/embed\/#?secret=W6XQNmFHqZ#?secret=pDfAOg4ZkO\" data-secret=\"pDfAOg4ZkO\" width=\"600\" height=\"338\" frameborder=\"0\" marginwidth=\"0\" marginheight=\"0\" scrolling=\"no\"><\/iframe>\n<\/div><\/figure>\n\n\n\n<figure class=\"wp-block-embed is-type-wp-embed is-provider-ii-congreso-internacional-de-j-venes-investigadores-ashiscom wp-block-embed-ii-congreso-internacional-de-j-venes-investigadores-ashiscom wp-container-content-0733e5d0\"><div class=\"wp-block-embed__wrapper\">\n<blockquote class=\"wp-embedded-content\" data-secret=\"LBHQITIdZA\"><a href=\"https:\/\/ashiscom.org\/congreso-jovenes\/mesas-del-congreso\/dictaduras-y-totalitarismos-en-el-siglo-xx-el-papel-de-los-medios-entre-la-informacion-y-la-propaganda-radio-prensa-television-carteleria-y-noticiarios-cinematograficos\/\">Dictaduras y totalitarismos en el siglo XX: el papel de los medios entre la informaci\u00f3n y la propaganda (radio, prensa, televisi\u00f3n, carteler\u00eda y noticiarios cinematogr\u00e1ficos)<\/a><\/blockquote><iframe loading=\"lazy\" class=\"wp-embedded-content\" sandbox=\"allow-scripts\" security=\"restricted\" style=\"position: absolute; visibility: hidden;\" title=\"\u00abDictaduras y totalitarismos en el siglo XX: el papel de los medios entre la informaci\u00f3n y la propaganda (radio, prensa, televisi\u00f3n, carteler\u00eda y noticiarios cinematogr\u00e1ficos)\u00bb \u2014 II Congreso Internacional de J\u00f3venes Investigadores AsHisCom\" src=\"https:\/\/ashiscom.org\/congreso-jovenes\/mesas-del-congreso\/dictaduras-y-totalitarismos-en-el-siglo-xx-el-papel-de-los-medios-entre-la-informacion-y-la-propaganda-radio-prensa-television-carteleria-y-noticiarios-cinematograficos\/embed\/#?secret=hnE3ouJoXC#?secret=LBHQITIdZA\" data-secret=\"LBHQITIdZA\" width=\"600\" height=\"338\" frameborder=\"0\" marginwidth=\"0\" marginheight=\"0\" scrolling=\"no\"><\/iframe>\n<\/div><\/figure>\n<\/div>\n\n\n\n<div class=\"wp-block-group has-small-font-size is-horizontal is-nowrap is-layout-flex wp-container-core-group-is-layout-a55e891b wp-block-group-is-layout-flex\">\n<figure class=\"wp-block-embed is-type-wp-embed is-provider-ii-congreso-internacional-de-j-venes-investigadores-ashiscom wp-block-embed-ii-congreso-internacional-de-j-venes-investigadores-ashiscom wp-container-content-0733e5d0\"><div class=\"wp-block-embed__wrapper\">\n<blockquote class=\"wp-embedded-content\" data-secret=\"jPHrEn2jZ1\"><a href=\"https:\/\/ashiscom.org\/congreso-jovenes\/mesas-del-congreso\/misoginia-online-y-resistencias-feministas-en-la-ultima-decada\/\">Misoginia online y resistencias feministas en la \u00faltima d\u00e9cada<\/a><\/blockquote><iframe loading=\"lazy\" class=\"wp-embedded-content\" sandbox=\"allow-scripts\" security=\"restricted\" style=\"position: absolute; visibility: hidden;\" title=\"\u00abMisoginia online y resistencias feministas en la \u00faltima d\u00e9cada\u00bb \u2014 II Congreso Internacional de J\u00f3venes Investigadores AsHisCom\" src=\"https:\/\/ashiscom.org\/congreso-jovenes\/mesas-del-congreso\/misoginia-online-y-resistencias-feministas-en-la-ultima-decada\/embed\/#?secret=ceMkz08OAA#?secret=jPHrEn2jZ1\" data-secret=\"jPHrEn2jZ1\" width=\"600\" height=\"338\" frameborder=\"0\" marginwidth=\"0\" marginheight=\"0\" scrolling=\"no\"><\/iframe>\n<\/div><\/figure>\n\n\n\n<figure class=\"wp-block-embed is-type-wp-embed is-provider-ii-congreso-internacional-de-j-venes-investigadores-ashiscom wp-block-embed-ii-congreso-internacional-de-j-venes-investigadores-ashiscom wp-container-content-0733e5d0\"><div class=\"wp-block-embed__wrapper\">\n<blockquote class=\"wp-embedded-content\" data-secret=\"p01mJ2eolU\"><a href=\"https:\/\/ashiscom.org\/congreso-jovenes\/mesas-del-congreso\/fotografia-documental-archivo-silencios-y-memoria-critica\/\">Fotograf\u00eda documental: archivo, silencios y memoria cr\u00edtica<\/a><\/blockquote><iframe loading=\"lazy\" class=\"wp-embedded-content\" sandbox=\"allow-scripts\" security=\"restricted\" style=\"position: absolute; visibility: hidden;\" title=\"\u00abFotograf\u00eda documental: archivo, silencios y memoria cr\u00edtica\u00bb \u2014 II Congreso Internacional de J\u00f3venes Investigadores AsHisCom\" src=\"https:\/\/ashiscom.org\/congreso-jovenes\/mesas-del-congreso\/fotografia-documental-archivo-silencios-y-memoria-critica\/embed\/#?secret=GGbX8DXaqP#?secret=p01mJ2eolU\" data-secret=\"p01mJ2eolU\" width=\"600\" height=\"338\" frameborder=\"0\" marginwidth=\"0\" marginheight=\"0\" scrolling=\"no\"><\/iframe>\n<\/div><\/figure>\n<\/div>\n\n\n\n<div class=\"wp-block-group has-small-font-size is-horizontal is-nowrap is-layout-flex wp-container-core-group-is-layout-a55e891b wp-block-group-is-layout-flex\">\n<figure class=\"wp-block-embed is-type-wp-embed is-provider-ii-congreso-internacional-de-j-venes-investigadores-ashiscom wp-block-embed-ii-congreso-internacional-de-j-venes-investigadores-ashiscom wp-container-content-0733e5d0\"><div class=\"wp-block-embed__wrapper\">\n<blockquote class=\"wp-embedded-content\" data-secret=\"KhPTXAtjUQ\"><a href=\"https:\/\/ashiscom.org\/congreso-jovenes\/mesas-del-congreso\/mirando-la-tele-metodos-y-enfoques-en-el-analisis-de-formatos-de-no-ficcion\/\">Mirando la tele: m\u00e9todos y enfoques en el an\u00e1lisis de formatos de no ficci\u00f3n<\/a><\/blockquote><iframe loading=\"lazy\" class=\"wp-embedded-content\" sandbox=\"allow-scripts\" security=\"restricted\" style=\"position: absolute; visibility: hidden;\" title=\"\u00abMirando la tele: m\u00e9todos y enfoques en el an\u00e1lisis de formatos de no ficci\u00f3n\u00bb \u2014 II Congreso Internacional de J\u00f3venes Investigadores AsHisCom\" src=\"https:\/\/ashiscom.org\/congreso-jovenes\/mesas-del-congreso\/mirando-la-tele-metodos-y-enfoques-en-el-analisis-de-formatos-de-no-ficcion\/embed\/#?secret=nqacN6ncmh#?secret=KhPTXAtjUQ\" data-secret=\"KhPTXAtjUQ\" width=\"600\" height=\"338\" frameborder=\"0\" marginwidth=\"0\" marginheight=\"0\" scrolling=\"no\"><\/iframe>\n<\/div><\/figure>\n\n\n<\/div>\n\n\n\n<p><\/p>\n","protected":false},"excerpt":{"rendered":"<p>Aviso: El Comit\u00e9 Organizador se reserva la posibilidad de reorganizar las mesas propuestas, incluyendo la eventual fusi\u00f3n de algunas de ellas o&hellip; <\/p>\n","protected":false},"author":1,"featured_media":0,"parent":0,"menu_order":0,"comment_status":"closed","ping_status":"closed","template":"","meta":{"footnotes":""},"class_list":["post-828","page","type-page","status-publish","hentry"],"_links":{"self":[{"href":"https:\/\/ashiscom.org\/congreso-jovenes\/wp-json\/wp\/v2\/pages\/828","targetHints":{"allow":["GET"]}}],"collection":[{"href":"https:\/\/ashiscom.org\/congreso-jovenes\/wp-json\/wp\/v2\/pages"}],"about":[{"href":"https:\/\/ashiscom.org\/congreso-jovenes\/wp-json\/wp\/v2\/types\/page"}],"author":[{"embeddable":true,"href":"https:\/\/ashiscom.org\/congreso-jovenes\/wp-json\/wp\/v2\/users\/1"}],"replies":[{"embeddable":true,"href":"https:\/\/ashiscom.org\/congreso-jovenes\/wp-json\/wp\/v2\/comments?post=828"}],"version-history":[{"count":20,"href":"https:\/\/ashiscom.org\/congreso-jovenes\/wp-json\/wp\/v2\/pages\/828\/revisions"}],"predecessor-version":[{"id":1074,"href":"https:\/\/ashiscom.org\/congreso-jovenes\/wp-json\/wp\/v2\/pages\/828\/revisions\/1074"}],"wp:attachment":[{"href":"https:\/\/ashiscom.org\/congreso-jovenes\/wp-json\/wp\/v2\/media?parent=828"}],"curies":[{"name":"wp","href":"https:\/\/api.w.org\/{rel}","templated":true}]}}